be s(t). Suppose v = 6*g - 10*g + 92. List the prime factors of g.
23
Suppose 0 = -4*y + 8*g - 7*g + 209, 3*y = 3*g + 159. List the prime factors of y.
2, 13
Suppose -1 - 13 = -2*p. Let r = p - 4. Suppose -5*w - 51 = -2*a, 4*a - w - 21 = r*a. List the prime factors of a.
2, 3
Let p = 315 + 952. Suppose 2*h + 643 = 3*v, 4*v + 406 = -h + p. Suppose -v = 4*n - 9*n. What are the prime factors of n?
43
Let n = 33 - 15. Suppose -13 = -v + n. Suppose -11 = -2*q + v. What are the prime factors of q?
3, 7
Suppose 0 = -3*t - q + 796, 3*t - 1211 = 5*q - 385. What are the prime factors of t?
3, 89
Suppose 3*l - 2*n = -4*n - 83, -5*n + 130 = -5*l. Let w be (-1464)/l - (-4)/(-18). What are the prime factors of (-149)/(-6) - (-9)/w?
5
Let c be 3*(32/12 - 1). Suppose 3*x - c*x + 8 = 0. Suppose 0 = x*y + k - 17, 5*y - k - k = 5. List the prime factors of y.
3
List the prime factors of ((-111)/(-2))/(((-128)/(-8))/672).
3, 7, 37
Suppose -5*y - 2*m + 1 = 24, 5*y - 2*m + 27 = 0. Suppose 0 = -3*l + f - 6*f - 60, 45 = -2*l - 5*f. Let c = y - l. List the prime factors of c.
2, 5
Let n = 237 - -245. List the prime factors of n.
2, 241
Suppose 5*h = 6689 + 8361. What are the prime factors of h?
2, 5, 7, 43
Suppose 42*b = 55*b - 15977. What are the prime factors of b?
1229
Suppose 22*o - 21*o = a - 891, -2*a - 2*o = -1786. What are the prime factors of a?
2, 223
Suppose 33*d - 180 = 30*d. What are the prime factors of d?
2, 3, 5
Suppose 3*k - 4*k = -3*j + 3, 4*j + 4*k - 20 = 0. Suppose -2*o + 8 = 2*q - 2, 2*q - 3*o - 15 = 0. List the prime factors of q/(-2) + j + 35.
2, 17
Suppose -11*q + 25 = -16*q. Let c(b) = -5*b - 3. List the prime factors of c(q).
2, 11
Suppose -q - 58 = -h - 3*q, 0 = 5*h + q - 245. Suppose -4*z - 5*y + 6 = -11, -4*y + 20 = 0. List the prime factors of ((-3)/z)/(h/160).
5
Let w = -2331 + 5936. What are the prime factors of w?
5, 7, 103
Let i be 51/4*24/(-9). Let n = 48 + i. Let o = n + -4. What are the prime factors of o?
2, 5
List the prime factors of 6/(-12)*-2 - -529.
2, 5, 53
Let b(k) = -k + 2. Let g be b(-2). Suppose -26*n + 18*n + 16 = 0. Suppose g*t - 5*l = n*t + 11, -2*l + 26 = 3*t. What are the prime factors of t?
2
Let y be -2 - -3*(-4 + 5). List the prime factors of (-678)/(-12) - y/(-2).
3, 19
Let c(i) = -2*i - 14. Let n be c(-8). Suppose u + 190 = 5*j - 0*u, 5*j - n*u = 185. What are the prime factors of j?
3, 13
Let q be 2954/105 + (-4)/30. Suppose -q = i + h, -42 = 2*i - 5*h - 0*h. List the prime factors of (-4 + -1 + 3)*i.
2, 13
Let v = 727 + -534. What are the prime factors of v?
193
Suppose -2*i - 5*y + 52 = -i, 3*i + y = 86. Suppose 41 = u - i. Suppose 6*x = 4*x + u. What are the prime factors of x?
2, 17
Suppose 4*q - 2 = 2*a, -5*q - 17 = a + 3*a. What are the prime factors of (2/a)/(14/(-4074))?
2, 97
Suppose 22*t - 17*t = 1620. What are the prime factors of t?
2, 3
Let o = 2232 - 2036. List the prime factors of o.
2, 7
Let s(i) = i**2 - 11*i + 10. Let d be s(10). Suppose 3*g = -d*g. Suppose -117 = -g*r - 3*r. What are the prime factors of r?
3, 13
Let j = 82 + -83. What are the prime factors of j/9 + 10384/144?
2, 3
List the prime factors of (113844/(-742))/((-2)/14).
2, 3, 179
Suppose -m + 6*b + 593 = 7*b, -2367 = -4*m - 3*b. What are the prime factors of m?
2, 3, 7
What are the prime factors of 823*(11/33 - (-2)/3)?
823
Suppose -16 = i - 5*r, -i - 3*r - 6 = -22. Suppose s - 15 = -i*s. Suppose -s*f = -37 + 7. What are the prime factors of f?
2, 5
Let u(k) = k**3 - 4*k + 6. Let c be u(2). Suppose c*q - 574 + 130 = 0. What are the prime factors of q?
2, 37
Let z(j) = -66*j - 34. Let m(b) = 22*b + 11. Let y(x) = -17*m(x) - 6*z(x). What are the prime factors of y(5)?
127
Let v(w) = w + 19. Let o be v(-17). Suppose -3*r + 95 = o*r. What are the prime factors of r?
19
Let j(h) = 36 + 13*h - 3*h**2 + 2*h**2 - 23. List the prime factors of j(12).
5
Let q(g) = -g**3 + 63*g**2 + 138*g - 108. List the prime factors of q(65).
2, 103
Let z(h) = -6*h - 1. Let i be z(-1). Suppose 0 = i*l + 5, 4*u - 6*u + 72 = -4*l. List the prime factors of u.
2, 17
Let g be (29 + 4)/(3/5). Suppose 6*q = g + 101. List the prime factors of q.
2, 13
Let o(v) = -5*v**2 + v + 3. Let b(j) = 2*j**2 - 2. Let d(c) = -7*b(c) - 3*o(c). Let i be d(5). List the prime factors of 12/i - (-226)/5.
2, 23
List the prime factors of ((-585)/36 - 2)*-116.
29, 73
Let o = 1475 + 1407. List the prime factors of o.
2, 11, 131
Suppose 5*a = -5*z + 8*a + 3, -2*z = -4*a + 10. Suppose 0 = -3*s + 6, z*f + s = 500 - 63. What are the prime factors of f?
5, 29
Suppose 0 = 2*m + 10*m - 912. Suppose -m = -2*n + 5*u, -6*n + 5*u = -n - 220. List the prime factors of n.
2, 3
Let f be 30/8 + (-1)/(-4). Let u = 1 + f. Suppose -u*t - 20 = -z + 23, 0 = -5*z - t + 189. What are the prime factors of z?
2, 19
List the prime factors of (103000/(-350))/(-2 - 36/(-21)).
2, 5, 103
Suppose 3*h + 0*h - 10 = -a, -3*h = -5*a - 22. List the prime factors of 1 + (2 - h) - -84.
83
Suppose 9*c - 2339 = 2044. What are the prime factors of c?
487
Let s(h) be the second derivative of -3*h**5/20 - 5*h**4/4 - h**3 + 6*h**2 + 7*h. What are the prime factors of s(-6)?
2, 3, 13
Suppose -x = -1, -5*a + 3*x + 5 = -17. Suppose -2*l + 4*k = -136, a*l - 2*k = l + 248. What are the prime factors of l?
2, 3, 5
Let y be ((-45)/(-12))/((-9)/(-60)). Suppose -22 = b - y. List the prime factors of b.
3
Suppose 0 = -5*v + 2*v - 9. Let x(p) be the second derivative of -4*p**3/3 + 2*p**2 - 31*p. List the prime factors of x(v).
2, 7
Let v = 27 + -24. Suppose 0 = v*i - 6, -334 = -2*s + 2*i. What are the prime factors of s?
13
Let r(g) = 5*g - 8. Let o be r(7). Let c = o + 122. What are the prime factors of c?
149
Suppose 3*b - 150 = 2*b. Let f be b/24*(-24)/(-2). Suppose -3*y + 21 = -5*w, y + 5*w = -4*y + f. What are the prime factors of y?
2, 3
Let g(h) = -3*h**2 - 7*h - 2. Let w(a) = -2*a**2 - 3*a - 1. Let q(v) = 2*g(v) - 5*w(v). Let j be q(-1). List the prime factors of (j + -5)/(2/(-56)).
2, 7
Let y = 1610 - 1257. List the prime factors of y.
353
Let a(r) = 5*r**2 - 3 - 5182*r**3 + 1 + 6*r + 5172*r**3. List the prime factors of a(-2).
2, 43
Suppose -26*r + 22*r + w = -2607, 658 = r + w. What are the prime factors of r?
653
Let j be -1 - 0/3 - (-8 + 4). Suppose g + f + j*f - 94 = 0, g = f + 89. What are the prime factors of g?
2, 3, 5
Suppose 3*p = -3*x + 1116, x - p - 362 = -0*x. What are the prime factors of x?
367
Let i = -70 + 38. Let b be (4/(-8))/(1/i). Let a = b - 5. List the prime factors of a.
11
What are the prime factors of ((-3946)/(-6))/(64/192)?
1973
Suppose 5*p = 3*m + 3815, 0*m = 5*m. What are the prime factors of p?
7, 109
Let v(o) = 3*o + 13. Let k be v(-5). List the prime factors of (54/12)/(k/(-28)).
3, 7
Let t(b) = 65*b**2 - b. Let w be t(4). What are the prime factors of 14/(-6) + 2 - w/(-12)?
2, 43
Suppose -20*d = -7818 - 882. What are the prime factors of d?
3, 5, 29
Let k(z) = -z - 22. Let t(q) be the second derivative of q**3/6 + 33*q**2/2 - q. Let s(w) = -7*k(w) - 5*t(w). What are the prime factors of s(8)?
5
Let u(n) be the second derivative of n**3/2 + 225*n**2/2 + 40*n. What are the prime factors of u(0)?
3, 5
Let r = 15 - 5. What are the prime factors of (-16)/3*(7 - r)?
2
Let y = -8 - -9. Let o be (3 + -3)/y - 26. Let f = o + 41. List the prime factors of f.
3, 5
Suppose 5*p + 3*f = -2*f + 2685, -p = -f - 535. List the prime factors of p.
2, 67
Suppose 0 = -40*h + 29*h + 20911. What are the prime factors of h?
1901
Suppose 14*v + 196 = 448. What are the prime factors of v?
2, 3
Suppose -12 = a + 3*q, -a + 4 = 2*q - 3*q. Suppose -1 = -3*s + 5*f, a*s - 3*f + 47 = 5*s. List the prime factors of s.
7
Let q(v) = -2*v**3 - v**2 + v + 5. Let n be q(4). List the prime factors of (4/5)/((-18)/n).
2, 3
Let b = -1179 + 2090. List the prime factors of b.
911
What are the prime factors of (6 - (5 + 347))/(3/(-6))?
2, 173
Let b = 2429 - 1290. What are the prime factors of b?
17, 67
Let q(b) = -5*b**3 - b - 1. Let o be q(-1). Let k be (-7)/((-14)/4) - 4 - -5. Suppose 2*z = -4*l + 4, -k*z - z - o*l = -8. What are the prime factors of z?
2
Suppose 474 = 2*u - 5*h, h = -10 + 6. What are the prime factors of u?
227
Suppose -3*v + 837 + 990 = 4*w, 2*w - 4*v - 908 = 0. List the prime factors of w.
2, 3, 19
Let x(y) b